{"id":10931,"date":"2012-01-23T22:10:29","date_gmt":"2012-01-24T04:10:29","guid":{"rendered":"http:\/\/www.travelbymexico.com\/blog\/imgBase\/2012\/01\/IMG_8079.jpg"},"modified":"2012-01-23T22:10:29","modified_gmt":"2012-01-24T04:10:29","slug":"img_8079","status":"inherit","type":"attachment","link":"https:\/\/www.travelbymexico.com\/blog\/10928-catedral-de-merida-la-mas-antigua-construida-en-tierra-firme-de-america\/img_8079\/","title":{"rendered":"Arcos interiores de la Catedral de San Ildefonso en M\u00e9rida, Yucat\u00e1n, M\u00e9xico"},"author":2,"comment_status":"closed","ping_status":"open","template":"","meta":[],"description":{"rendered":"<p class=\"attachment\"><a href='https:\/\/www.travelbymexico.com\/blog\/imgBase\/2012\/01\/IMG_8079.jpg'><img width=\"320\" height=\"240\" src=\"https:\/\/www.travelbymexico.com\/blog\/imgBase\/2012\/01\/IMG_8079-320x240.jpg\" class=\"attachment-medium size-medium\" alt=\"\" loading=\"lazy\" srcset=\"https:\/\/www.travelbymexico.com\/blog\/imgBase\/2012\/01\/IMG_8079-320x240.jpg 320w, https:\/\/www.travelbymexico.com\/blog\/imgBase\/2012\/01\/IMG_8079.jpg 640w\" sizes=\"(max-width: 320px) 100vw, 320px\" \/><\/a><\/p>\n"},"caption":{"rendered":""},"alt_text":"","media_type":"image","mime_type":"image\/jpeg","media_details":{"width":"640","height":"480","hwstring_small":"height='96' width='128'","file":"2012\/01\/IMG_8079.jpg","sizes":{"thumbnail":{"file":"IMG_8079-150x150.jpg","width":"150","height":"150","source_url":"https:\/\/www.travelbymexico.com\/blog\/imgBase\/2012\/01\/IMG_8079-150x150.jpg"},"medium":{"file":"IMG_8079-320x240.jpg","width":"320","height":"240","source_url":"https:\/\/www.travelbymexico.com\/blog\/imgBase\/2012\/01\/IMG_8079-320x240.jpg"},"min_thumb75":{"file":"IMG_8079-75x75.jpg","width":"75","height":"75","source_url":"https:\/\/www.travelbymexico.com\/blog\/imgBase\/2012\/01\/IMG_8079-75x75.jpg"},"full":{"file":"IMG_8079.jpg","width":640,"height":480,"mime_type":"image\/jpeg","source_url":"https:\/\/www.travelbymexico.com\/blog\/imgBase\/2012\/01\/IMG_8079.jpg"}},"image_meta":{"aperture":"0","credit":"","camera":"","caption":"","created_timestamp":"0","copyright":"","focal_length":"0","iso":"0","shutter_speed":"0","title":""}},"post":10928,"source_url":"https:\/\/www.travelbymexico.com\/blog\/imgBase\/2012\/01\/IMG_8079.jpg","_links":{"self":[{"href":"https:\/\/www.travelbymexico.com\/blog\/wp-json\/wp\/v2\/media\/10931"}],"collection":[{"href":"https:\/\/www.travelbymexico.com\/blog\/wp-json\/wp\/v2\/media"}],"about":[{"href":"https:\/\/www.travelbymexico.com\/blog\/wp-json\/wp\/v2\/types\/attachment"}],"author":[{"embeddable":true,"href":"https:\/\/www.travelbymexico.com\/blog\/wp-json\/wp\/v2\/users\/2"}],"replies":[{"embeddable":true,"href":"https:\/\/www.travelbymexico.com\/blog\/wp-json\/wp\/v2\/comments?post=10931"}]}}

Arcos interiores de la Catedral de San Ildefonso en Mérida, Yucatán, México
